ghest common factor of 20484 and 108?
36
What is the highest common divisor of 222 and 668146?
74
What is the highest common factor of 94083 and 4983?
33
Calculate the highest common divisor of 618999 and 207.
69
Calculate the highest common divisor of 33649 and 22.
11
Calculate the greatest common divisor of 17775 and 115893.
711
Calculate the greatest common factor of 40048 and 32.
16
What is the greatest common factor of 7285 and 5890?
155
What is the greatest common factor of 1600 and 200650?
50
Calculate the greatest common factor of 348 and 28362.
174
Calculate the greatest common divisor of 4493073 and 4485.
897
What is the highest common divisor of 5067 and 648?
9
What is the highest common factor of 591 and 9299385?
591
Calculate the highest common factor of 1692 and 9549.
9
What is the greatest common factor of 623529 and 261?
261
What is the highest common divisor of 5736 and 388?
4
What is the highest common divisor of 250 and 512?
2
What is the greatest common factor of 11316 and 56948?
92
What is the highest common factor of 39287 and 221?
17
Calculate the highest common divisor of 1498 and 4066.
214
What is the highest common divisor of 60 and 1008795?
15
Calculate the highest common factor of 1 and 65983.
1
What is the highest common factor of 2255 and 1375?
55
Calculate the greatest common divisor of 464420 and 220.
220
What is the highest common factor of 33212 and 4?
4
Calculate the highest common factor of 31360 and 25235.
245
Calculate the greatest common factor of 106 and 8.
2
Calculate the greatest common divisor of 182246 and 19282.
622
What is the greatest common divisor of 14230 and 170?
10
Calculate the greatest common divisor of 82938 and 276.
138
What is the greatest common divisor of 565 and 367363?
113
Calculate the greatest common divisor of 210 and 1147342.
14
Calculate the greatest common divisor of 20366 and 34.
34
Calculate the greatest common divisor of 90 and 3459.
3
Calculate the highest common divisor of 424 and 94.
2
Calculate the greatest common factor of 2508648 and 24.
24
Calculate the highest common factor of 31968 and 72.
72
Calculate the highest common divisor of 143 and 403689.
143
What is the greatest common factor of 45 and 13545?
45
What is the greatest common divisor of 324 and 51354?
162
Calculate the greatest common divisor of 286 and 144.
2
What is the highest common divisor of 22 and 9377?
1
Calculate the highest common factor of 478 and 476566.
478
Calculate the greatest common factor of 1998 and 22866.
222
Calculate the greatest common divisor of 2635 and 425.
85
Calculate the highest common divisor of 374164 and 392.
196
What is the greatest common divisor of 1740 and 2520?
60
What is the greatest common factor of 1303323 and 21?
21
What is the greatest common divisor of 4526 and 2190?
146
What is the greatest common divisor of 3315 and 24960?
195
Calculate the greatest common factor of 34 and 3841439.
17
Calculate the highest common divisor of 10 and 1271750.
10
What is the highest common factor of 14529 and 116?
29
What is the greatest common factor of 1115 and 1535?
5
What is the highest common factor of 1513 and 8993?
17
What is the highest common factor of 10 and 2331900?
10
Calculate the greatest common divisor of 2556 and 235436.
284
Calculate the highest common divisor of 1344 and 2534.
14
Calculate the greatest common factor of 6248 and 426.
142
What is the highest common divisor of 375314 and 107502?
1886
What is the greatest common factor of 326820 and 14246?
838
What is the highest common factor of 10536 and 1536?
24
What is the greatest common factor of 1351 and 8232?
7
Calculate the greatest common divisor of 28440 and 270.
90
Calculate the highest common divisor of 3424 and 928.
32
Calculate the greatest common factor of 25 and 5328075.
25
Calculate the greatest common divisor of 6748904 and 8.
8
Calculate the highest common factor of 334212 and 8.
4
Calculate the highest common divisor of 109338 and 126.
6
Calculate the greatest common divisor of 8418 and 96.
6
What is the greatest common divisor of 253 and 536521?
23
What is the highest common factor of 3765684 and 312?
156
What is the highest common factor of 7599845 and 55?
55
What is the highest common divisor of 61826 and 494?
38
Calculate the highest common divisor of 24 and 9174.
6
What is the greatest common factor of 648 and 321489?
81
What is the greatest common factor of 168 and 111048?
168
Calculate the greatest common divisor of 137249 and 9457.
49
Calculate the greatest common divisor of 2096 and 144.
16
What is the greatest common divisor of 4 and 3194?
2
What is the highest common factor of 31928 and 1352?
104
Calculate the greatest common divisor of 16837 and 11413.
113
Calculate the highest common divisor of 852 and 842060.
284
Calculate the highest common divisor of 194040 and 102.
6
Calculate the greatest common divisor of 628 and 652.
4
Calculate the greatest common factor of 8080 and 465.
5
Calculate the greatest common factor of 1125 and 2943.
9
What is the highest common divisor of 3777 and 300901?
1259
What is the highest common divisor of 17 and 2241?
1
What is the greatest common factor of 211 and 5313613?
211
What is the highest common divisor of 2873 and 13481?
221
Calculate the highest common factor of 64608 and 24.
24
Calculate the greatest common factor of 27 and 1595061.
9
What is the greatest common factor of 8 and 29096?
8
Calculate the greatest common factor of 117328 and 16.
16
What is the highest common divisor of 55296 and 108?
108
Calculate the greatest common divisor of 30987 and 198.
99
What is the highest common divisor of 432128 and 844?
844
What is the greatest common divisor of 2425 and 44135?
485
What is the highest common factor of 27 and 868725?
27
What is the highest common divisor of 2821 and 20293?
91
What is the greatest common factor of 88 and 1099208?
88
What is the highest common divisor of 100005 and 8142?
177
Calculate the greatest common divisor of 1484 and 1146708.
212
What is the greatest common divisor of 39481 and 702?
13
Calculate the highest common factor of 5267730 and 1690.
1690
What is the highest common factor of 124390 and 90?
10
What is the greatest common factor of 3484 and 15812?
268
What is the highest common divisor of 140730 and 75?
15
Calculate the highest common divisor of 103113 and 2223.
171
Calculate the greatest common divisor of 2780600 and 24.
8
Calculate the highest common divisor of 124 and 737831.
31
Calculate the greatest common factor of 5901 and 5339.
281
Calculate the highest common divisor of 15 and 24201.
3
What is the highest common factor of 15 and 60435?
15
Calculate the greatest common factor of 2756 and 3604.
212
What is the highest common divisor of 624125 and 25?
25
Calculate the highest common factor of 28476 and 3528.
252
What is the greatest common divisor of 99 and 8470?
11
Calculate the greatest common divisor of 1107 and 50389.
41
Calculate the greatest common factor of 513 and 43643.
19
What is the highest common factor of 1104110 and 140?
70
What is the greatest common divisor of 103314 and 3618?
402
Calculate the greatest common divisor of 5327424 and 96.
96
What is the highest common factor of 45871 and 21?
7
Calculate the greatest common factor of 3042 and 461877.
507
What is the highest common factor of 1185056 and 3712?
928
Calculate the greatest common factor of 52894 and 8982.
998
Calculate the highest common divisor of 20049 and 2771.
163
Calculate the highest common factor of 1400436 and 180.
36
What is the greatest common factor of 777079 and 305?
61
What is the highest common factor of 1079 and 2912?
13
Calculate the highest common divisor of 33 and 39039.
33
Calculate the highest common divisor of 20118 and 882.
42
What is the greatest common factor of 84 and 94227?
21
Calculate the greatest common divisor of 532 and 10108.
532
Calculate the greatest common divisor of 30734 and 1936.
242
Calculate the highest common factor of 2945047 and 49.
49
Calculate the greatest common divisor of 242044 and 220.
44
Calculate the greatest common factor of 258 and 653858.
86
Calculate the highest common factor of 1464 and 102968.
488
Calculate the greatest common divisor of 26541 and 216.
27
What is the greates